0268 + -1?
-30270
In base 8, what is 0 - 616070?
-616070
In base 11, what is 478234a + 4?
4782353
In base 6, what is -4 + 21413515?
21413511
In base 14, what is -6ad + -b9?
-788
In base 10, what is -2878 - -59?
-2819
In base 13, what is -67c + 382?
-2ca
In base 12, what is -8aab - 22?
-8b11
In base 8, what is -463 + 254?
-207
In base 14, what is c - -530?
53c
In base 11, what is -1025 + 32?
-aa3
In base 9, what is 361 - 374?
-13
In base 12, what is 6366 - 25?
6341
In base 3, what is -22122 - 2012?
-101211
In base 16, what is -183b + -d?
-1848
In base 11, what is 6 - 5a784?
-5a779
In base 13, what is -ba7 + -13?
-bba
In base 7, what is 352634 - -5?
352642
In base 8, what is 156635 + 5?
156642
In base 8, what is -1143 + -202?
-1345
In base 14, what is 174 + -c9?
89
In base 4, what is -1023130 - 23?
-1023213
In base 7, what is 54402 - -2?
54404
In base 6, what is 503 - 4341?
-3434
In base 15, what is -ab - 78?
-134
In base 3, what is -12212211 - 10?
-12212221
In base 11, what is -256 + -a85?
-1230
In base 8, what is 4 - -76426?
76432
In base 16, what is 1 - -2637c?
2637d
In base 9, what is 756 + 1024?
1781
In base 11, what is -2 - 40098?
-4009a
In base 4, what is 12030 + 2220021?
2232111
In base 6, what is 1234 - 454?
340
In base 9, what is -1620345 - -5?
-1620340
In base 15, what is ae290 + 1?
ae291
In base 11, what is 2 - 371502?
-371500
In base 7, what is -12223 - -311?
-11612
In base 16, what is 5 + -5f9?
-5f4
In base 11, what is 4 + -17199?
-17195
In base 15, what is 309 - -235?
53e
In base 12, what is 130 + 29?
159
In base 15, what is -67da36 + -5?
-67da3b
In base 7, what is -2534104 + 2?
-2534102
In base 6, what is 15125 - -1?
15130
In base 13, what is 4 + -419b?
-4197
In base 14, what is -6b5 - -189?
-52a
In base 5, what is -44 - -34430?
34331
In base 15, what is 12e + -3c?
e2
In base 2, what is -10000111 + 111101?
-1001010
In base 8, what is -5462 - 0?
-5462
In base 3, what is -10211020 + -120?
-10211210
In base 8, what is 67 + 707?
776
In base 7, what is 1 - 341244?
-341243
In base 11, what is -162 - 14a5?
-1657
In base 9, what is 1231 + 1767?
3108
In base 15, what is -3a8c3 - -1?
-3a8c2
In base 10, what is -850366 + 5?
-850361
In base 9, what is -17 - -236573?
236555
In base 8, what is 72073 - -1?
72074
In base 3, what is 10 - -20010221?
20011001
In base 13, what is 25 - -43950?
43975
In base 16, what is 128e - 209?
1085
In base 6, what is 44 - 1133342?
-1133254
In base 5, what is 131203424 + -1?
131203423
In base 10, what is 2 - 30023?
-30021
In base 11, what is 1 + 4551?
4552
In base 8, what is -1451 - 363?
-2034
In base 12, what is 831 - -19?
84a
In base 6, what is -11 - -145351?
145340
In base 15, what is 3 - ba9c?
-ba99
In base 13, what is 12a86a + 2?
12a86c
In base 3, what is 12 + 1022021?
1022110
In base 8, what is 141035 - -2?
141037
In base 7, what is 0 - 6033104?
-6033104
In base 11, what is 2 - -565a5?
565a7
In base 12, what is -4 + -72b4?
-72b8
In base 16, what is -194d - 46?
-1993
In base 10, what is 1 + 17290?
17291
In base 11, what is 10181 - 26?
10156
In base 15, what is -2e200 - -3?
-2e1ec
In base 8, what is -4 + 1573733?
1573727
In base 3, what is -1100111 + 111012?
-212022
In base 7, what is 16 + 2210?
2226
In base 2, what is -100 - -100010000011010010?
100010000011001110
In base 12, what is 6 + -1119?
-1113
In base 16, what is e00 - -3cf?
11cf
In base 3, what is 102001220 - 1022?
102000121
In base 7, what is 15454362 + 4?
15454366
In base 9, what is 58 - -1681?
1750
In base 5, what is -3403 - -2000?
-1403
In base 3, what is 200010022020 + 2?
200010022022
In base 8, what is -35341 + -4?
-35345
In base 9, what is 27547 - -13?
27561
In base 9, what is -557 - 387?
-1055
In base 4, what is 32002320020 - -1?
32002320021
In base 14, what is d59 + -205?
b54
In base 6, what is -103 - -3031242?
3031135
In base 12, what is 788 + 8?
794
In base 11, what is -364731 + -2?
-364733
In base 16, what is -1d7 + -e?
-1e5
In base 2, what is -1100100101101001 + 101?
-1100100101100100
In base 10, what is 16 - -78?
94
In base 12, what is 16 - -108b2?
10908
In base 12, what is -488b - 9?
-4898
In base 16, what is -5e - -b67?
b09
In base 3, what is -1212 - 2102220?
-2111202
In base 15, what is -16e8 + -6?
-16ee
In base 3, what is -11202110012 + -1?
-11202110020
In base 13, what is -3 - -5c89?
5c86
In base 4, what is -103132 - -10220?
-32312
In base 2, what is 10001111111111001011 + 1?
10001111111111001100
In base 15, what is 8 - -c9a6?
c9ae
In base 5, what is -114 + -10034?
-10203
In base 14, what is -19c68 - 2?
-19c6a
In base 2, what is 100000100110111111 + -10?
100000100110111101
In base 15, what is 5 + 52a74?
52a79
In base 15, what is 3b - -4ec0?
500b
In base 6, what is -3 + 211404?
211401
In base 4, what is -10 - 101202103?
-101202113
In base 16, what is -180f + -18?
-1827
In base 14, what is 73cc5 + -9?
73cba
In base 14, what is -cd - 11a2?
-1291
In base 14, what is -60d + 4a?
-5a3
In base 9, what is 11 + -467474?
-467463
In base 12, what is -7b27 - -39?
-7aaa
In base 11, what is 5 - -28676?
28680
In base 10, what is -45 + 5198?
5153
In base 14, what is a + -db9?
-dad
In base 4, what is -33 + -23013233?
-23013332
In base 12, what is -2b + 1278?
1249
In base 5, what is 2013 - 1430?
33
In base 2, what is 110001001 + 1000110011111?
1001100101000
In base 4, what is 133 - -13232?
20031
In base 12, what is -18 - 8534?
-8550
In base 5, what is -3 + 2140041?
2140033
In base 10, what is 457446 - -4?
457450
In base 13, what is 17524 - 3a?
174b7
In base 8, what is -3 + 653?
650
In base 7, what is -65264 + -2?
-65266
In base 14, what is 17 + -6bd?
-6a6
In base 12, what is 14 - 1b3?
-19b
In base 15, what is b40 - 4d?
ae2
In base 2, what is 1001101110011100 - 0?
1001101110011100
In base 6, what is 1452011 - 1?
1452010
In base 3, what is 202100 - -121212?
1101012
In base 8, what is -1227 + 5?
-1222
In base 11, what is -855 - 13?
-868
In base 6, what is 351 + -32552?
-32201
In base 4, what is 22 + -300000001?
-233333313
In base 11, what is 23 + 76a1?
7714
In base 13, what is 8a272 + -2?
8a270
In base 16, what is 54a - -dd?
627
In base 15, what is 403140 - -4?
403144
In base 15, what is 2895 + -8e?
2806
In base 3, what is -1 + 10002220212?
10002220211
In base 16, what is 3 + -116df?
-116dc
In base 7, what is 2024610 + -5?
2024602
In base 12, what is -9 + 40bb?
40b2
In base 3, what is -2010000 + 2?
-2002221
In base 10, what is -2063850 - -1?
-2063849
In base 16, what is -2071 - -7f?
-1ff2
In base 16, what is -1fc4b - 0?
-1fc4b
In base 7, what is 4440 + -363?
4044
In base 14, what is 75 + 38?
ad
In base 7, what is -56 - -63212?
63123
In base 3, what is -122122120 + 12?
-122122101
In base 7, what is -41036 - -4?
-41032
In base 16, what is 2 - -2f79?
2f7b
In base 5, what is 2404200 + 10?
2404210
In base 15, what is 462b - 5?
4626
In base 2, what is 10011 - -1110100101?
1110111000
In base 13, what is 8 - -1c057?
1c062
In base 4, what is 1011 + 313122?
320133
In base 8, what is -27275 - 10?
-27305
In base 9, what is 23161 - -3?
23164
In base 14, what is -dd0 + 12?
-dbc
In base 7, what is 6025 + 103?
6131
In base 5, what is -1 + 10122401?
10122400
In base 11, what is -75 + -389a?
-3964
In base 2, what is -10010 - -1100110?
1010100
In base 14, what is -b + 2751?
2744
In base 2, what is 11 + -11010011110000001001?
-11010011110000000110
In base 2, what is 1000011010100 - 110011?
1000010100001
In base 16, what is -4 - -617c?
6178
In base 8, what is -30 + -672267?
-672317
In base 16, what is 9e66 - -aa?
9f10
In base 12, what is 1aab + 119?
2008
In base 6, what is -43 + 5?
-34
In base 11, what is -7 + 897559?
897552
In base 5, what is 10 - -2441021?
2441031
In base 6, what is 21142 + 3?
21145
In base 5, what is 42 - -212131?
212223
In base 13, what is -12b7c9 - 3?
-12b7cc
In base 15, what is -aedd + -c?
-aeea
In base 12, what is -405 + 35?
-390
In base 12, what is -7 + -1182?
-1189
In base 11, what is -32019 - -2?
-32017
In base 14, what is 32213 - 5?
3220c
In base 5, what is -113 - -1012440?
1012322
In base 15, what is d5 - 4d4?
-3ee
In base 3, what is -2011221 - 21?
-2012012
In base 13, what is 22259 + -6?
22253
In base 5, what is -21202342 - -2?
-21202340
In base 3, what is -2 + 112012?
112010
In base 13, what is -23 - 1392?
-13b5
In base 7, what is 203435 -